 divided by 58.
45
What is the remainder when 638 is divided by 20?
18
Calculate the remainder when 212 is divided by 37.
27
What is the remainder when 1432 is divided by 696?
40
What is the remainder when 447 is divided by 64?
63
Calculate the remainder when 590 is divided by 23.
15
What is the remainder when 575 is divided by 17?
14
Calculate the remainder when 430 is divided by 31.
27
Calculate the remainder when 586 is divided by 22.
14
What is the remainder when 345 is divided by 48?
9
What is the remainder when 3280 is divided by 193?
192
What is the remainder when 51 is divided by 22?
7
Calculate the remainder when 1032 is divided by 148.
144
What is the remainder when 1074 is divided by 343?
45
Calculate the remainder when 1312 is divided by 110.
102
What is the remainder when 2650 is divided by 177?
172
Calculate the remainder when 1220 is divided by 32.
4
Calculate the remainder when 2448 is divided by 16.
0
What is the remainder when 209 is divided by 97?
15
Calculate the remainder when 260 is divided by 48.
20
What is the remainder when 80 is divided by 59?
21
What is the remainder when 45 is divided by 30?
15
Calculate the remainder when 94 is divided by 61.
33
What is the remainder when 850 is divided by 94?
4
What is the remainder when 3129 is divided by 54?
51
What is the remainder when 197 is divided by 96?
5
What is the remainder when 2108 is divided by 435?
368
What is the remainder when 4182 is divided by 26?
22
What is the remainder when 28 is divided by 14?
0
What is the remainder when 455 is divided by 117?
104
Calculate the remainder when 86 is divided by 27.
5
What is the remainder when 7106 is divided by 13?
8
Calculate the remainder when 145 is divided by 19.
12
Calculate the remainder when 7823 is divided by 26.
23
What is the remainder when 1839 is divided by 184?
183
What is the remainder when 598 is divided by 12?
10
Calculate the remainder when 156 is divided by 10.
6
Calculate the remainder when 35 is divided by 23.
12
Calculate the remainder when 63 is divided by 11.
8
Calculate the remainder when 280 is divided by 39.
7
What is the remainder when 207 is divided by 13?
12
What is the remainder when 241 is divided by 67?
40
Calculate the remainder when 428 is divided by 18.
14
Calculate the remainder when 3092 is divided by 86.
82
What is the remainder when 690 is divided by 12?
6
Calculate the remainder when 294 is divided by 23.
18
Calculate the remainder when 754 is divided by 14.
12
What is the remainder when 78 is divided by 21?
15
What is the remainder when 266 is divided by 41?
20
Calculate the remainder when 562 is divided by 64.
50
What is the remainder when 456 is divided by 152?
0
Calculate the remainder when 35 is divided by 3.
2
Calculate the remainder when 8 is divided by 6.
2
What is the remainder when 127 is divided by 44?
39
Calculate the remainder when 855 is divided by 617.
238
Calculate the remainder when 227 is divided by 38.
37
What is the remainder when 22118 is divided by 7371?
5
What is the remainder when 31665 is divided by 174?
171
Calculate the remainder when 200 is divided by 112.
88
Calculate the remainder when 99 is divided by 53.
46
Calculate the remainder when 1130 is divided by 18.
14
What is the remainder when 407 is divided by 82?
79
What is the remainder when 1962 is divided by 7?
2
What is the remainder when 55 is divided by 29?
26
What is the remainder when 149 is divided by 30?
29
Calculate the remainder when 3515 is divided by 272.
251
What is the remainder when 5081 is divided by 62?
59
What is the remainder when 12 is divided by 7?
5
What is the remainder when 598 is divided by 286?
26
What is the remainder when 724 is divided by 26?
22
Calculate the remainder when 289 is divided by 75.
64
What is the remainder when 235 is divided by 50?
35
What is the remainder when 365 is divided by 16?
13
Calculate the remainder when 169 is divided by 125.
44
What is the remainder when 1787 is divided by 439?
31
Calculate the remainder when 3261 is divided by 78.
63
What is the remainder when 1835 is divided by 11?
9
What is the remainder when 449 is divided by 38?
31
Calculate the remainder when 705 is divided by 300.
105
What is the remainder when 281 is divided by 4?
1
Calculate the remainder when 2885 is divided by 241.
234
What is the remainder when 16509 is divided by 86?
83
What is the remainder when 339 is divided by 17?
16
Calculate the remainder when 65 is divided by 40.
25
Calculate the remainder when 72861 is divided by 276.
273
Calculate the remainder when 759 is divided by 198.
165
What is the remainder when 261 is divided by 50?
11
Calculate the remainder when 41 is divided by 11.
8
Calculate the remainder when 238 is divided by 27.
22
Calculate the remainder when 458 is divided by 448.
10
Calculate the remainder when 1796 is divided by 45.
41
Calculate the remainder when 482 is divided by 122.
116
What is the remainder when 1403 is divided by 13?
12
Calculate the remainder when 230 is divided by 69.
23
Calculate the remainder when 554 is divided by 239.
76
Calculate the remainder when 2267 is divided by 35.
27
What is the remainder when 157 is divided by 75?
7
What is the remainder when 1012 is divided by 169?
167
What is the remainder when 125 is divided by 9?
8
What is the remainder when 11 is divided by 4?
3
What is the remainder when 243 is divided by 61?
60
Calculate the remainder when 786 is divided by 214.
144
Calculate the remainder when 196 is divided by 51.
43
What is the remainder when 261 is divided by 5?
1
Calculate the remainder when 559 is divided by 17.
15
Calculate the remainder when 159 is divided by 144.
15
Calculate the remainder when 389 is divided by 17.
15
Calculate the remainder when 1028 is divided by 86.
82
Calculate the remainder when 3011 is divided by 45.
41
Calculate the remainder when 192 is divided by 76.
40
Calculate the remainder when 126 is divided by 50.
26
Calculate the remainder when 10 is divided by 10.
0
What is the remainder when 129 is divided by 11?
8
What is the remainder when 234 is divided by 59?
57
Calculate the remainder when 262 is divided by 17.
7
Calculate the remainder when 57 is divided by 8.
1
What is the remainder when 289 is divided by 98?
93
Calculate the remainder when 115 is divided by 62.
53
What is the remainder when 1174 is divided by 61?
15
Calculate the remainder when 572 is divided by 12.
8
Calculate the remainder when 210 is divided by 55.
45
What is the remainder when 38 is divided by 10?
8
What is the remainder when 32 is divided by 7?
4
Calculate the remainder when 959 is divided by 64.
63
What is the remainder when 21254 is divided by 15?
14
What is the remainder when 83 is divided by 47?
36
Calculate the remainder when 377 is divided by 63.
62
Calculate the remainder when 789 is divided by 33.
30
What is the remainder when 6324 is divided by 57?
54
Calculate the remainder when 40 is divided by 39.
1
Calculate the remainder when 650 is divided by 80.
10
Calculate the remainder when 185 is divided by 32.
25
What is the remainder when 36287 is divided by 216?
215
What is the remainder when 255 is divided by 98?
59
Calculate the remainder when 5962 is divided by 14.
12
What is the remainder when 623 is divided by 161?
140
Calculate the remainder when 626 is divided by 120.
26
Calculate the remainder when 78 is divided by 40.
38
Calculate the remainder when 81 is divided by 17.
13
Calculate the remainder when 5344 is divided by 11.
9
Calculate the remainder when 844 is divided by 77.
74
What is the remainder when 204 is divided by 2?
0
Calculate the remainder when 66 is divided by 42.
24
What is the remainder when 149 is divided by 30?
29
Calculate the remainder when 151 is divided by 11.
8
What is the remainder when 13064 is divided by 195?
194
What is the remainder when 210 is divided by 163?
47
Calculate the remainder when 264 is divided by 85.
9
Calculate the remainder when 607 is divided by 21.
19
Calculate the remainder when 6598 is divided by 55.
53
What is the remainder when 1053 is divided by 12?
9
What is the remainder when 5050 is divided by 14?
10
What is the remainder when 258 is divided by 65?
63
What is the remainder when 2480 is divided by 8?
0
What is the remainder when 249 is div